lculate the remainder when 224664 is divided by 35.
34
What is the remainder when 4049837 is divided by 310?
307
What is the remainder when 17013 is divided by 499?
47
What is the remainder when 9511 is divided by 380?
11
Calculate the remainder when 221207 is divided by 22.
19
Calculate the remainder when 8206 is divided by 94.
28
Calculate the remainder when 63052 is divided by 407.
374
Calculate the remainder when 9774 is divided by 4884.
6
What is the remainder when 4974 is divided by 2331?
312
What is the remainder when 74223 is divided by 205?
13
What is the remainder when 124817 is divided by 31194?
41
Calculate the remainder when 2419 is divided by 274.
227
What is the remainder when 17577 is divided by 150?
27
Calculate the remainder when 116419 is divided by 18.
13
Calculate the remainder when 181322 is divided by 169.
154
What is the remainder when 1859 is divided by 460?
19
What is the remainder when 4349 is divided by 4251?
98
Calculate the remainder when 29472 is divided by 9712.
336
What is the remainder when 200953 is divided by 179?
115
Calculate the remainder when 11036 is divided by 10955.
81
What is the remainder when 10657 is divided by 486?
451
What is the remainder when 8739 is divided by 3?
0
Calculate the remainder when 1422 is divided by 233.
24
Calculate the remainder when 205788 is divided by 59.
55
What is the remainder when 3965 is divided by 12?
5
What is the remainder when 9961 is divided by 112?
105
What is the remainder when 183874 is divided by 43?
6
What is the remainder when 27212 is divided by 878?
872
Calculate the remainder when 1349 is divided by 215.
59
Calculate the remainder when 242939 is divided by 54.
47
Calculate the remainder when 52033 is divided by 118.
113
What is the remainder when 1934 is divided by 242?
240
Calculate the remainder when 58156 is divided by 2768.
28
What is the remainder when 6286 is divided by 6019?
267
What is the remainder when 14173 is divided by 2022?
19
What is the remainder when 102570 is divided by 34143?
141
What is the remainder when 133044 is divided by 52?
28
What is the remainder when 102506 is divided by 12812?
10
What is the remainder when 282687 is divided by 81?
78
Calculate the remainder when 10012 is divided by 1983.
97
What is the remainder when 14484 is divided by 348?
216
Calculate the remainder when 450948 is divided by 725.
723
Calculate the remainder when 3878 is divided by 389.
377
What is the remainder when 1287 is divided by 38?
33
Calculate the remainder when 93751 is divided by 33.
31
What is the remainder when 20431 is divided by 218?
157
What is the remainder when 1617 is divided by 138?
99
What is the remainder when 6883 is divided by 15?
13
What is the remainder when 41393 is divided by 238?
219
Calculate the remainder when 208094 is divided by 19.
6
What is the remainder when 1871298 is divided by 23?
18
Calculate the remainder when 24255 is divided by 5.
0
Calculate the remainder when 65249 is divided by 345.
44
What is the remainder when 71294 is divided by 35?
34
Calculate the remainder when 441967 is divided by 18.
13
What is the remainder when 11552 is divided by 170?
162
What is the remainder when 32981 is divided by 76?
73
What is the remainder when 48920 is divided by 12227?
12
Calculate the remainder when 3777 is divided by 126.
123
What is the remainder when 114 is divided by 22?
4
What is the remainder when 6120901 is divided by 73?
70
Calculate the remainder when 187380 is divided by 62456.
12
What is the remainder when 10603 is divided by 156?
151
Calculate the remainder when 59313 is divided by 34.
17
What is the remainder when 1002 is divided by 301?
99
Calculate the remainder when 5914 is divided by 124.
86
What is the remainder when 414781 is divided by 313?
56
What is the remainder when 76618 is divided by 17?
16
Calculate the remainder when 6189 is divided by 6.
3
What is the remainder when 3604 is divided by 599?
10
Calculate the remainder when 66023 is divided by 16500.
23
Calculate the remainder when 1262296 is divided by 1939.
7
What is the remainder when 1682 is divided by 434?
380
What is the remainder when 7087 is divided by 236?
7
What is the remainder when 35501 is divided by 918?
617
What is the remainder when 10398 is divided by 658?
528
What is the remainder when 11417 is divided by 5596?
225
Calculate the remainder when 49568 is divided by 511.
1
Calculate the remainder when 28049 is divided by 445.
14
Calculate the remainder when 9842 is divided by 3201.
239
Calculate the remainder when 324266 is divided by 24943.
7
Calculate the remainder when 986680 is divided by 3.
1
What is the remainder when 15141 is divided by 15094?
47
Calculate the remainder when 3808 is divided by 347.
338
What is the remainder when 79686 is divided by 7244?
2
Calculate the remainder when 3069 is divided by 23.
10
What is the remainder when 4834 is divided by 35?
4
What is the remainder when 2104852 is divided by 17?
14
Calculate the remainder when 32104 is divided by 16040.
24
Calculate the remainder when 22438 is divided by 252.
10
What is the remainder when 32022 is divided by 1334?
6
What is the remainder when 26677 is divided by 1111?
13
Calculate the remainder when 48555 is divided by 284.
275
Calculate the remainder when 16364 is divided by 1364.
1360
Calculate the remainder when 10799 is divided by 902.
877
What is the remainder when 29676 is divided by 582?
576
Calculate the remainder when 140894 is divided by 544.
542
Calculate the remainder when 1217 is divided by 323.
248
What is the remainder when 13090 is divided by 6529?
32
What is the remainder when 6967 is divided by 2311?
34
What is the remainder when 1076 is divided by 71?
11
Calculate the remainder when 77694 is divided by 128.
126
What is the remainder when 7774 is divided by 1669?
1098
What is the remainder when 6003 is divided by 3001?
1
Calculate the remainder when 22654 is divided by 197.
196
What is the remainder when 564589 is divided by 2031?
2002
Calculate the remainder when 4852 is divided by 518.
190
Calculate the remainder when 6075 is divided by 98.
97
Calculate the remainder when 60004 is divided by 22.
10
Calculate the remainder when 5932 is divided by 1966.
34
What is the remainder when 206 is divided by 65?
11
What is the remainder when 3259 is divided by 814?
3
What is the remainder when 4459 is divided by 36?
31
What is the remainder when 1517 is divided by 232?
125
Calculate the remainder when 48165 is divided by 415.
25
Calculate the remainder when 1707 is divided by 777.
153
Calculate the remainder when 3193 is divided by 1064.
1
Calculate the remainder when 49535 is divided by 107.
101
What is the remainder when 10551 is divided by 310?
11
What is the remainder when 9980 is divided by 2400?
380
What is the remainder when 4893 is divided by 948?
153
Calculate the remainder when 1237 is divided by 314.
295
Calculate the remainder when 3102 is divided by 154.
22
What is the remainder when 357589 is divided by 59595?
19
What is the remainder when 17618 is divided by 137?
82
What is the remainder when 583799 is divided by 43?
31
Calculate the remainder when 4595 is divided by 118.
111
What is the remainder when 70359 is divided by 10?
9
Calculate the remainder when 144145 is divided by 534.
499
Calculate the remainder when 13087 is divided by 105.
67
Calculate the remainder when 174467 is divided by 21.
20
What is the remainder when 15274 is divided by 23?
2
Calculate the remainder when 520 is divided by 50.
20
Calculate the remainder when 189040 is divided by 1062.
4
Calculate the remainder when 24841 is divided by 129.
73
What is the remainder when 91594 is divided by 106?
10
What is the remainder when 2398 is divided by 303?
277
Calculate the remainder when 5058 is divided by 272.
162
Calculate the remainder when 90 is divided by 8.
2
What is the remainder when 18803 is divided by 98?
85
What is the remainder when 40415 is divided by 1847?
1628
What is the remainder when 24071 is divided by 133?
131
Calculate the remainder when 20043 is divided by 954.
9
What is the remainder when 1547 is divided by 318?
275
What is the remainder when 9626 is divided by 221?
123
What is the remainder when 53293 is divided by 279?
4
Calculate the remainde